is the thousands digit of 2686439?
6
What is the hundred thousands digit of 405785?
4
What is the units digit of 3778126?
6
What is the thousands digit of 2602299?
2
What is the units digit of 2895391?
1
What is the hundreds digit of 3072041?
0
What is the ten millions digit of 13761649?
1
What is the units digit of 444648?
8
What is the thousands digit of 6008605?
8
What is the thousands digit of 79784?
9
What is the units digit of 14010293?
3
What is the thousands digit of 110041?
0
What is the hundreds digit of 14391113?
1
What is the units digit of 455597?
7
What is the units digit of 3533605?
5
What is the units digit of 728312?
2
What is the hundreds digit of 450981?
9
What is the units digit of 580557?
7
What is the hundred thousands digit of 754398?
7
What is the hundreds digit of 8340174?
1
What is the thousands digit of 1110318?
0
What is the hundreds digit of 3834965?
9
What is the ten thousands digit of 4698684?
9
What is the hundreds digit of 1290865?
8
What is the tens digit of 33726?
2
What is the hundreds digit of 683880?
8
What is the millions digit of 15728249?
5
What is the hundreds digit of 609547?
5
What is the units digit of 3188206?
6
What is the hundreds digit of 169148?
1
What is the tens digit of 1512379?
7
What is the hundreds digit of 7818471?
4
What is the ten thousands digit of 345334?
4
What is the hundreds digit of 10378244?
2
What is the millions digit of 4798882?
4
What is the hundred thousands digit of 3689072?
6
What is the thousands digit of 527094?
7
What is the hundred thousands digit of 807589?
8
What is the millions digit of 1260839?
1
What is the units digit of 152466?
6
What is the tens digit of 182738?
3
What is the units digit of 24767?
7
What is the thousands digit of 4665531?
5
What is the hundred thousands digit of 173048?
1
What is the hundreds digit of 4081742?
7
What is the thousands digit of 26604032?
4
What is the units digit of 2466568?
8
What is the units digit of 18310931?
1
What is the hundreds digit of 1797968?
9
What is the hundreds digit of 5005944?
9
What is the thousands digit of 871871?
1
What is the ten thousands digit of 587324?
8
What is the hundred thousands digit of 22159576?
1
What is the hundred thousands digit of 562193?
5
What is the tens digit of 3614415?
1
What is the thousands digit of 630423?
0
What is the tens digit of 6637697?
9
What is the millions digit of 6233863?
6
What is the thousands digit of 164150?
4
What is the hundreds digit of 603805?
8
What is the hundred thousands digit of 239308?
2
What is the ten thousands digit of 13178661?
7
What is the ten thousands digit of 755898?
5
What is the hundreds digit of 5874728?
7
What is the hundreds digit of 15971771?
7
What is the ten millions digit of 10282645?
1
What is the tens digit of 1259896?
9
What is the units digit of 26903956?
6
What is the hundreds digit of 224449?
4
What is the hundred thousands digit of 1245315?
2
What is the thousands digit of 3572408?
2
What is the hundreds digit of 25116108?
1
What is the hundreds digit of 901723?
7
What is the tens digit of 886928?
2
What is the ten thousands digit of 2787940?
8
What is the units digit of 8293940?
0
What is the hundreds digit of 228168?
1
What is the tens digit of 4471689?
8
What is the units digit of 29263?
3
What is the units digit of 66049?
9
What is the ten thousands digit of 13198?
1
What is the units digit of 18219927?
7
What is the tens digit of 382783?
8
What is the tens digit of 74589?
8
What is the thousands digit of 8627590?
7
What is the tens digit of 41961?
6
What is the tens digit of 249086?
8
What is the hundreds digit of 1008019?
0
What is the hundred thousands digit of 283664?
2
What is the tens digit of 10009409?
0
What is the tens digit of 8561144?
4
What is the tens digit of 19655370?
7
What is the tens digit of 208535?
3
What is the ten thousands digit of 47188?
4
What is the thousands digit of 567452?
7
What is the thousands digit of 213040?
3
What is the thousands digit of 243741?
3
What is the hundred thousands digit of 1819924?
8
What is the hundreds digit of 79435?
4
What is the units digit of 476477?
7
What is the ten millions digit of 16550680?
1
What is the tens digit of 104908?
0
What is the ten thousands digit of 31246?
3
What is the ten thousands digit of 19022960?
2
What is the ten thousands digit of 2205450?
0
What is the hundred thousands digit of 233767?
2
What is the thousands digit of 105393?
5
What is the ten thousands digit of 1257449?
5
What is the thousands digit of 27603401?
3
What is the ten thousands digit of 2370360?
7
What is the millions digit of 35656204?
5
What is the hundred thousands digit of 20627093?
6
What is the thousands digit of 1562305?
2
What is the units digit of 2825899?
9
What is the hundreds digit of 1867849?
8
What is the hundreds digit of 883793?
7
What is the ten thousands digit of 6787393?
8
What is the hundred thousands digit of 677607?
6
What is the thousands digit of 8490504?
0
What is the thousands digit of 946034?
6
What is the hundreds digit of 201237?
2
What is the hundreds digit of 1395633?
6
What is the ten thousands digit of 2292655?
9
What is the hundreds digit of 71657?
6
What is the thousands digit of 284243?
4
What is the hundred thousands digit of 1619191?
6
What is the units digit of 398653?
3
What is the thousands digit of 2271720?
1
What is the hundred thousands digit of 13107810?
1
What is the hundreds digit of 283719?
7
What is the thousands digit of 105411?
5
What is the units digit of 2677465?
5
What is the hundreds digit of 6520507?
5
What is the millions digit of 16596142?
6
What is the hundred thousands digit of 1514116?
5
What is the units digit of 7508534?
4
What is the tens digit of 361311?
1
What is the hundreds digit of 7457888?
8
What is the hundred thousands digit of 1213085?
2
What is the thousands digit of 22560572?
0
What is the hundreds digit of 6454659?
6
What is the thousands digit of 3707?
3
What is the hundred thousands digit of 7812621?
8
What is the thousands digit of 5848268?
8
What is the thousands digit of 9700591?
0
What is the hundred thousands digit of 4724035?
7
What is the hundred thousands digit of 264699?
2
What is the hundreds digit of 24458550?
5
What is the thousands digit of 10410529?
0
What is the hundred thousands digit of 28386360?
3
What is the hundred thousands digit of 208414?
2
What is the ten thousands digit of 1514761?
1
What is the hundred thousands digit of 200040?
2
What is the millions digit of 1316202?
1
What is the millions digit of 5602667?
5
What is the ten thousands digit of 8506059?
0
What is the hundred thousands digit of 705986?
7
What is the thousands digit of 2812796?
2
What is the tens digit of 160444?
4
What is the tens digit of 22349762?
6
What is the units digit of 683359?
9
What is the thousands digit of 196115?
6
What is the millions digit of 1327587?
1
What is the ten thousands digit of 284458?
8
What is the hundreds digit of 3251958?
9
What is the ten millions digit of 25259894?
2
What is the tens digit of 27089621?
2
What is the thousands digit of 943740?
3
What is the thousands digit of 1967763?
7
What is the thousands digit of 743560?
3
What is the units digit of 5766535?
5
What is the thousands digit of 1152585?
2
What is the thousands digit of 126615?
6
What is the ten thousands digit of 23536333?
3
What is the ten thousands digit of 2299026?
9
What is the tens digit of 621598?
9
What is the hundred thousands digit of 1940018?
9
What is the ten thousands digit of 16093082?
9
What is the millions digit of 1202444?
1
What is the hundred thousands digit of 551478?
5
What is the hundred thousands digit of 100067?
1
What is the units digit of 4448511?
1
What is the ten thousands digit of 123796?
2
What is the tens digit of 2156827?
2
What is the thousands digit of 1120258?
0
What is the thousands digit of 1366099?
6
What is the ten thousands digit of 168949?
6
What is the hundred thousands digit of 661134?
6
What is the hundreds digit of 5311289?
2
What is the ten thousands digit of 35246?
3
What is the tens digit of 545178?
7
What is the hundred thousands digit of 317578?
3
What is the millions digit of 2158960?
2
What is the tens digit of 43181019?
1
What is the hundred thousands digit of 597